{"id":45115,"date":"2025-10-02T16:35:18","date_gmt":"2025-10-02T16:35:18","guid":{"rendered":"https:\/\/majipparesor.se\/?page_id=45115"},"modified":"2025-11-04T15:21:19","modified_gmt":"2025-11-04T15:21:19","slug":"tyskland","status":"publish","type":"page","link":"https:\/\/majipparesor.se\/?page_id=45115","title":{"rendered":"Tyskland"},"content":{"rendered":"<h4 data-start=\"248\" data-end=\"277\"><\/h4>\n<h4 data-start=\"248\" data-end=\"277\"><strong data-start=\"256\" data-end=\"277\">Allm\u00e4nt om landet<\/strong><\/h4>\n<ul data-start=\"278\" data-end=\"429\">\n<li data-start=\"278\" data-end=\"303\">\n<p data-start=\"280\" data-end=\"303\"><strong data-start=\"280\" data-end=\"294\">Huvudstad:<\/strong> Berlin<\/p>\n<\/li>\n<li data-start=\"304\" data-end=\"324\">\n<p data-start=\"306\" data-end=\"324\"><strong data-start=\"306\" data-end=\"316\">Spr\u00e5k:<\/strong> Tyska<\/p>\n<\/li>\n<li data-start=\"325\" data-end=\"349\">\n<p data-start=\"327\" data-end=\"349\"><strong data-start=\"327\" data-end=\"338\">Valuta:<\/strong> Euro (\u20ac)<\/p>\n<\/li>\n<li data-start=\"350\" data-end=\"394\">\n<p data-start=\"352\" data-end=\"394\"><strong data-start=\"352\" data-end=\"367\">Befolkning:<\/strong> Cirka 84 miljoner (2025)<\/p>\n<\/li>\n<li data-start=\"395\" data-end=\"429\">\n<p data-start=\"397\" data-end=\"429\"><strong data-start=\"397\" data-end=\"412\">Statsskick:<\/strong> F\u00f6rbundsrepublik<\/p>\n<\/li>\n<\/ul>\n<h4 data-start=\"431\" data-end=\"461\"><strong data-start=\"440\" data-end=\"461\">Historia &amp; Kultur<\/strong><\/h4>\n<ul data-start=\"462\" data-end=\"820\">\n<li data-start=\"462\" data-end=\"612\">\n<p data-start=\"464\" data-end=\"612\">Tyskland har haft en avg\u00f6rande roll i Europas historia \u2013 fr\u00e5n det <strong data-start=\"530\" data-end=\"555\">heliga romerska riket<\/strong> till <strong data-start=\"561\" data-end=\"583\">andra v\u00e4rldskriget<\/strong> och <strong data-start=\"588\" data-end=\"606\">\u00e5terf\u00f6reningen<\/strong> 1990.<\/p>\n<\/li>\n<li data-start=\"613\" data-end=\"675\">\n<p data-start=\"615\" data-end=\"675\">Berlinmuren f\u00f6ll 1989 \u2013 en viktig symbol f\u00f6r Europas enande.<\/p>\n<\/li>\n<li data-start=\"676\" data-end=\"820\">\n<p data-start=\"678\" data-end=\"820\">Tyskland \u00e4r k\u00e4nt f\u00f6r <strong data-start=\"699\" data-end=\"741\">filosofi, vetenskap och klassisk musik<\/strong> \u2013 hem f\u00f6r t\u00e4nkare som Kant och Hegel, och komposit\u00f6rer som Beethoven och Bach.<\/p>\n<\/li>\n<\/ul>\n<h4 data-start=\"822\" data-end=\"845\"><strong data-start=\"830\" data-end=\"845\">Mat &amp; Dryck<\/strong><\/h4>\n<ul data-start=\"846\" data-end=\"1190\">\n<li data-start=\"846\" data-end=\"915\">\n<p data-start=\"848\" data-end=\"915\"><strong data-start=\"848\" data-end=\"884\">Bratwurst, schnitzel, sauerkraut<\/strong> och <strong data-start=\"889\" data-end=\"901\">pretzels<\/strong> \u00e4r klassiker.<\/p>\n<\/li>\n<li data-start=\"916\" data-end=\"1027\">\n<p data-start=\"918\" data-end=\"1027\"><strong data-start=\"918\" data-end=\"931\">\u00d6lkultur:<\/strong> Tyskland har \u00f6ver 1 500 bryggerier och \u00e4r hem till den v\u00e4rldsber\u00f6mda <strong data-start=\"1001\" data-end=\"1016\">Oktoberfest<\/strong> i M\u00fcnchen.<\/p>\n<\/li>\n<li data-start=\"1028\" data-end=\"1190\">\n<p data-start=\"1030\" data-end=\"1190\">Regionala specialiteter:<br \/>\n\u2013 <strong data-start=\"1059\" data-end=\"1070\">Bayern:<\/strong> Weisswurst och \u00f6l i massor<br data-start=\"1097\" data-end=\"1100\" \/>\u2013 <strong data-start=\"1104\" data-end=\"1115\">Berlin:<\/strong> Currywurst<br data-start=\"1126\" data-end=\"1129\" \/>\u2013 <strong data-start=\"1133\" data-end=\"1149\">Schwarzwald:<\/strong> K\u00f6rsb\u00e4rst\u00e5rtan Schwarzw\u00e4lder Kirschtorte<\/p>\n<\/li>\n<\/ul>\n<h4 data-start=\"1699\" data-end=\"1726\"><strong data-start=\"1707\" data-end=\"1726\">Resa i Tyskland<\/strong><\/h4>\n<ul data-start=\"1727\" data-end=\"1978\">\n<li data-start=\"1727\" data-end=\"1823\">\n<p data-start=\"1729\" data-end=\"1823\">Tysklands t\u00e5gtrafik \u00e4r effektiv \u2013 <strong data-start=\"1763\" data-end=\"1780\">Deutsche Bahn<\/strong> har snabbt\u00e5g (ICE) som f\u00f6rbinder st\u00e4derna.<\/p>\n<\/li>\n<li data-start=\"1824\" data-end=\"1912\">\n<p data-start=\"1826\" data-end=\"1912\">F\u00f6r bilresor \u00e4r <strong data-start=\"1842\" data-end=\"1854\">Autobahn<\/strong> en upplevelse \u2013 vissa delar saknar hastighetsbegr\u00e4nsning.<\/p>\n<\/li>\n<li data-start=\"1913\" data-end=\"1978\">\n<p data-start=\"1915\" data-end=\"1978\">Cykling \u00e4r ocks\u00e5 popul\u00e4rt, s\u00e4rskilt i norra och \u00f6stra Tyskland.<\/p>\n<\/li>\n<\/ul>\n<h4 data-start=\"1915\" data-end=\"1978\"><strong data-start=\"1201\" data-end=\"1220\">Popul\u00e4ra Resm\u00e5l<\/strong><\/h4>\n<ul>\n<li style=\"list-style-type: none;\">\n<ul data-start=\"1221\" data-end=\"1697\">\n<li data-start=\"1221\" data-end=\"1318\">\n<p data-start=\"1223\" data-end=\"1318\"><a href=\"https:\/\/majipparesor.se\/?cat=164\"><strong data-start=\"1223\" data-end=\"1234\">Berlin<\/strong><\/a><\/p>\n<\/li>\n<li data-start=\"1399\" data-end=\"1456\">\n<p data-start=\"1401\" data-end=\"1456\"><a href=\"https:\/\/majipparesor.se\/?cat=182\"><strong data-start=\"1401\" data-end=\"1413\">Hamburg<\/strong><\/a><\/p>\n<\/li>\n<li data-start=\"1399\" data-end=\"1456\"><a href=\"https:\/\/majipparesor.se\/?tag=lubeck\"><strong>L\u00fcbeck<\/strong><\/a><\/li>\n<li data-start=\"1509\" data-end=\"1632\">\n<p data-start=\"1511\" data-end=\"1632\"><a href=\"https:\/\/majipparesor.se\/?tag=romantische-strasse-romantiska-vagen\"><strong data-start=\"1511\" data-end=\"1553\">Romantiska v\u00e4gen (Romantische Stra\u00dfe)<\/strong><\/a><\/p>\n<\/li>\n<li data-start=\"1633\" data-end=\"1697\">\n<p data-start=\"1635\" data-end=\"1697\"><a href=\"https:\/\/majipparesor.se\/?tag=mosel\"><strong data-start=\"1635\" data-end=\"1654\">Moseldalen<\/strong><\/a><\/p>\n<\/li>\n<\/ul>\n<\/li>\n<\/ul>\n<p>&nbsp;<\/p>\n<p><img loading=\"lazy\" decoding=\"async\" class=\"size-large wp-image-37710 aligncenter\" src=\"https:\/\/majipparesor.se\/wp-content\/uploads\/2023\/11\/IMG_20231102_170625_072-1000x1024.jpg\" alt=\"\" width=\"800\" height=\"819\" srcset=\"https:\/\/majipparesor.se\/wp-content\/uploads\/2023\/11\/IMG_20231102_170625_072-1000x1024.jpg 1000w, https:\/\/majipparesor.se\/wp-content\/uploads\/2023\/11\/IMG_20231102_170625_072-293x300.jpg 293w, https:\/\/majipparesor.se\/wp-content\/uploads\/2023\/11\/IMG_20231102_170625_072-768x787.jpg 768w, https:\/\/majipparesor.se\/wp-content\/uploads\/2023\/11\/IMG_20231102_170625_072.jpg 1406w\" sizes=\"auto, (max-width: 800px) 100vw, 800px\" \/><\/p>\n<p><img loading=\"lazy\" decoding=\"async\" class=\"size-large wp-image-26674 aligncenter\" src=\"https:\/\/majipparesor.se\/wp-content\/uploads\/2021\/09\/20210716_091142-892x1024.jpg\" alt=\"\" width=\"800\" height=\"918\" srcset=\"https:\/\/majipparesor.se\/wp-content\/uploads\/2021\/09\/20210716_091142-892x1024.jpg 892w, https:\/\/majipparesor.se\/wp-content\/uploads\/2021\/09\/20210716_091142-261x300.jpg 261w, https:\/\/majipparesor.se\/wp-content\/uploads\/2021\/09\/20210716_091142-768x882.jpg 768w, https:\/\/majipparesor.se\/wp-content\/uploads\/2021\/09\/20210716_091142-1337x1536.jpg 1337w, https:\/\/majipparesor.se\/wp-content\/uploads\/2021\/09\/20210716_091142-1783x2048.jpg 1783w\" sizes=\"auto, (max-width: 800px) 100vw, 800px\" \/><\/p>\n<ul class='related_post'><li><\/li><\/ul>","protected":false},"excerpt":{"rendered":"<p>Allm\u00e4nt om landet Huvudstad: Berlin Spr\u00e5k: Tyska Valuta: Euro (\u20ac) Befolkning: Cirka 84 miljoner (2025) Statsskick: F\u00f6rbundsrepublik Historia &amp; Kultur<\/p>\n","protected":false},"author":1,"featured_media":32834,"parent":0,"menu_order":0,"comment_status":"closed","ping_status":"closed","template":"","meta":{"colormag_page_container_layout":"default_layout","colormag_page_sidebar_layout":"default_layout","om_disable_all_campaigns":false,"_monsterinsights_skip_tracking":false,"_monsterinsights_sitenote_active":false,"_monsterinsights_sitenote_note":"","_monsterinsights_sitenote_category":0,"_uf_show_specific_survey":0,"_uf_disable_surveys":false,"footnotes":""},"class_list":["post-45115","page","type-page","status-publish","has-post-thumbnail","hentry"],"aioseo_notices":[],"_links":{"self":[{"href":"https:\/\/majipparesor.se\/index.php?rest_route=\/wp\/v2\/pages\/45115","targetHints":{"allow":["GET"]}}],"collection":[{"href":"https:\/\/majipparesor.se\/index.php?rest_route=\/wp\/v2\/pages"}],"about":[{"href":"https:\/\/majipparesor.se\/index.php?rest_route=\/wp\/v2\/types\/page"}],"author":[{"embeddable":true,"href":"https:\/\/majipparesor.se\/index.php?rest_route=\/wp\/v2\/users\/1"}],"replies":[{"embeddable":true,"href":"https:\/\/majipparesor.se\/index.php?rest_route=%2Fwp%2Fv2%2Fcomments&post=45115"}],"version-history":[{"count":17,"href":"https:\/\/majipparesor.se\/index.php?rest_route=\/wp\/v2\/pages\/45115\/revisions"}],"predecessor-version":[{"id":45306,"href":"https:\/\/majipparesor.se\/index.php?rest_route=\/wp\/v2\/pages\/45115\/revisions\/45306"}],"wp:featuredmedia":[{"embeddable":true,"href":"https:\/\/majipparesor.se\/index.php?rest_route=\/wp\/v2\/media\/32834"}],"wp:attachment":[{"href":"https:\/\/majipparesor.se\/index.php?rest_route=%2Fwp%2Fv2%2Fmedia&parent=45115"}],"curies":[{"name":"wp","href":"https:\/\/api.w.org\/{rel}","templated":true}]}}